 + -5)) + -36?
20
Calculate -7 - 37 - (-62 - -43).
-25
(-5 + 8 - 17) + 9 - -9
4
Calculate -8 + 0 + (-5 - (0 + -3 + -14)).
4
(-4 - -13) + -5 - 14 - -2
-8
What is 13 - (6 - ((8 - -12) + -7))?
20
What is the value of 8 - (-7 + (-4 + 1 - -21))?
-3
What is the value of -8 + -10 + (-1 + 4 - 6) - -5?
-16
6 + -2 + -24 + -7 + 12 + -5
-20
What is 4 - (0 - (-1 + -1 + 3 - 7))?
-2
What is -10 + 50 + -43 + -13?
-16
Evaluate 17 - 15 - (5 + -3 + -6 - -4).
2
What is the value of 15 + (3 - 18) - (5 + 0)?
-5
What is -6 - (4 + 0 - 1) - -1?
-8
Evaluate 9 + -15 + 8 + -4 + 11 - -5.
14
Evaluate 19 - (1 - 6) - 11.
13
What is 18 + -5 + -20 + (5 - (6 - 11))?
3
-7 - (1 + -1) - (17 + -15) - -25
16
Evaluate (-1 - 1) + -5 + (146 - 139) - -16.
16
Calculate (8 - 0) + (-5 - 23 - -23) - 1.
2
What is -11 + (14 - 12) - (0 - -15)?
-24
What is the value of -1 + 7 + 19 + -6 + 6 + -5?
20
Calculate (13 - (-2 - -8 - (11 - 4))) + -4.
10
4 + (-1 + (-12 - -7) - -10) + -4
4
What is the value of 7 + -18 - (-8 - -15 - (2 + 1))?
-15
Evaluate -18 - (-11 + (8 - -8) + (-3 - 0)).
-20
Calculate (49 - (109 + -35)) + -11.
-36
What is 4 + -13 - (1 + -9)?
-1
-5 + -2 - (-81 + 83)
-9
(-14 - -18) + 6 - -6
16
Evaluate 0 - (10 - (-5 + (5 - 5))).
-15
Evaluate -59 - -23 - -27 - 13.
-22
What is (5 - (-3 - (-3 - -5))) + -8?
2
Calculate (-1 - 20) + (140 - 128).
-9
Calculate -11 + -11 + 16 + 14.
8
What is the value of -65 - -69 - (2 + 3)?
-1
What is (-1 - 8) + (-37 + -20 + 40 - -24)?
-2
Calculate -7 + -3 + -6 + (-18 - -39).
5
What is 12 - (5 - -11) - (-42 + 5) - 8?
25
1403 + -1383 + -1 + 13
32
0 + 0 + -13 - (-1213 + 1211)
-11
-13 + -4 + (-3 - -18)
-2
What is the value of -10 + -8 + (22 - -15)?
19
(-9 - (-11 + 6)) + 18
14
8 + -4 + (42 - 59)
-13
Calculate -4 + (-5 - 12) + -6 + 0.
-27
-11 - (-14 + 17) - -16
2
What is 32 + (-45 - 20) - -7?
-26
Evaluate (-36 - -38 - (-7 + 1)) + 5 + -10.
3
Evaluate 0 - (-2 - -1) - (459 - 456).
-2
What is the value of -7 - (-6 + (13 - (6 - 4)) + -4)?
-8
What is the value of -1 - 10 - (9 - 0 - (117 + -105))?
-8
What is the value of (-5 - -1) + 0 + (42 - 40)?
-2
What is -19 + (0 - -5) + 4 + -18 + 9?
-19
Evaluate 0 + -16 - (-263 - -258).
-11
-8 + (0 + 16 - (9 - -15 - 16))
0
What is the value of (14 - (6 + -4)) + (-1 - (6 + -4))?
9
Evaluate (0 - -1) + -1108 + 1145.
38
What is the value of (5 - 13) + (-4 - -6)?
-6
What is -10 + 8 + 5 - 14?
-11
What is the value of 0 + -3 - ((3 - 17 - 1) + 1)?
11
What is the value of -31 + 4 + 67 - ((6 - 3) + 8)?
29
-1 + 5 + 1 + (-17 - 3)
-15
What is -1 + 6 - (4 + (-5 - (8 - 17)))?
-3
Evaluate -361 - -367 - (31 - 0).
-25
-11 + 17 + -6 + -24
-24
3 + -7 + 61 + -67
-10
1 + (2 - 24) + (-21 + 43 - 21)
-20
1 + (17 - -1) + (114 - 137)
-4
Calculate -31 + (-4 + 1 - (13 + -24)) + -7.
-30
Calculate 7 - (-3 + 1 + (-21 + 9 - -9)).
12
What is -67 - (-30 + -25 - -22)?
-34
Evaluate (-23 - -15) + (-3 - (-3 + 0 - -8)).
-16
Calculate 11 + (75 - 74) + 1 + -3 + 5.
15
What is the value of (1 - 2) + 0 + (-8 + 8 - -14)?
13
Calculate 1 + 7 + (-9 + -4 - -10).
5
Evaluate (-3 - (0 + 3)) + 820 + -778.
36
Evaluate -10 + 12 + (-1 - -13) - 5.
9
3 - 2 - (-3 + (5 - -4)) - -32
27
What is the value of 9 - 17 - -17 - -2?
11
What is the value of (140 - 148) + (21 - (0 - -4))?
9
What is the value of (-13 - (-2 + 7) - (-1 - 8)) + 39?
30
9 - (11 - ((1 - 3) + -1 - -4))
-1
Calculate -18 - (15 + -14 + (-2 - 8)).
-9
Evaluate (81 - 25 - 50) + (10 - (0 - 0)).
16
(-9 - -4 - 2) + 0
-7
What is 20 - (-7 + 23) - (7 - -4)?
-7
Calculate 7 + -3 + 1 + (-30 - -31).
6
-24 - (-14 + 4 - 34)
20
Calculate 14 - ((-10 - -18) + 9).
-3
What is the value of 1 - (10 + -26) - -3?
20
What is the value of 13 + -5 + -13 + 6 + -4?
-3
What is 6 - 4 - (3 + 7 + 5)?
-13
(13 - (9 - 8)) + 0
12
24 - (-4 + (-12 - (-14 - 2)))
24
Calculate -5 + (14 + (-7 - -4) - (-1 + -24)).
31
What is the value of 5 - 5 - (11 + -4) - -21 - 0?
14
What is the value of 7 + -2 + 6 + -4 + -3 + 1?
5
Calculate (10 + (6 - 26) - -16) + -6.
0
Calculate -2 + (-6 - 4) - (-3 + (1 - -3)).
-13
What is the value of -1 + -4 + (0 - -21 - 16 - -11)?
11
Calculate -9 - (18 - (-10 + 48)).
11
Calculate 31 - (44 + 35 + -63).
15
Calculate (-10 - -7) + -5 + 7.
-1
Calculate 33 + -54 + -3 - -32.
8
Evaluate (8 - 4 - 8) + (13 - (7 - 8)).
10
-33 - (-7 + (27 - 26))
-27
Evaluate -6 + 12 + -6 + -2 - -6.
4
Calculate 22 + (-18 - 7) + (4 - -1).
2
What is -32 + (8 - (29 - 39))?
-14
Evaluate 22 + (4 - 3) + (-331 - -322).
14
10 + (-16 - -13 - -12) + -18
1
What is 3 + 3 + -1 - (-7 - (-1 + -6))?
5
What is the value of -5 + 28 - (0 + -1 + 11)?
13
What is 77 - 38 - (4 - -3)?
32
Calculate 14 + (1 - 15) + 18.
18
(-5 - -12) + 6 + (17 - 13) + -27
-10
Calculate -1 - (0 + 0 - (-6 - (-7 + 7))).
-7
1 - (44 - 25) - 0
-18
Calculate 24 + -2 - (8 + -10 + 15).
9
Evaluate -5 + (-9 - (-9 + 8 - 4)).
-9
19 + -31 + 14 + (-5 - 2)
-5
What is the value of 2 - (-2 + 0 + -1 + -5 + 3)?
7
What is -2 - (1 + -13 + 4 + 11)?
-5
What is -11 - (25 - (-6 - -7) - (-38 + 37))?
-36
What is -28 - (-12 + (1 - 1)) - (-2 - 0)?
-14
Evaluate 6 + (-14 - -6) - -3.
1
What is -10 + ((38 - 49) + 0 + 11 - 16)?
-26
Evaluate (3 + 0 - 2) + 5 + -1 + -8.
-3
What is 267 + -266 + (1 - (-1 - 3) - -3)?
9
What is 12 + (-30 - (-5 + 10 + -11))?
-12
Calculate 69 + -68 + (8 - 3 - 3).
3
-14 + (33 - 29 - (-2 - -9 - 3))
-14
6 + 1 - (10 + (8 - -4 - 24))
9
What is the value of 0 - (12 + -17 + 7 + 2)?
-4
Calculate -17 - (23 - 54) - 30.
-16
What is the value of 9 + -23 - -6 - (-37 - (2 + -14))?
17
-1 + 6 + 3 + 1 + 1 - -4
14
Evaluate 21 + -2 + -31 + 16.
4
What is the value of -1 - 8 - (-20 + 3 - (9 + -12))?
5
-39 + 0 - (2313 + -2326)
-26
Evaluate (-14 - (-15 + 22)) + 42.
21
Calculate (178 - 135) + (-43 - 0).
0
Calculate 6 - -1 - (-129 - -149 - (22 + -2)).
7
What is -1 + (-12 + 0 - (-114 - -109)) + 9?
1
-2 + -7 + 33 + -7
17
Evaluate (-34 - -106) + -23 - 26.
23
1 + -19 - (-2 + (3 - 4) + 0)
-15
Evaluate 31 - (7 + (7 - (7 - (-2 + 1)))).
25
What is the value of 9 - ((8 - -4 - 15) + 45)?
-33
What is 13 - (-11 + 20 - 0) - (27 - 5)?
-18
(6 - (-8 - -5)) + -18
-9
What is (-1 - -4) + 187 + -181?
9
Calculate 8 + -4 + (-71 - -73).
6
-1 - (16 - (-41 - -43))
-15
-7 - (-1 - -1 - (69 + -63))
-1
What is 9 - (19 - 17 - 4)?
11
(-9 - -1) + -20 + 26
-2
What is the value of -10 + 30 + -21 + 20?
19
Calculate -21 - (-2 + (-5 - -8 - 1)).
-21
Evaluate -5 - 51 - (28 + -51).
-33
Calculate 0 + 1 + -3 - (20 - 39 - -15).
2
What is (-5 - -1) + -640 + 620?
-24
What is the value of (-90 - -80) + (4 - 2)?
-8
(-12 - (-32 - -10)) + (-42 - -1) - -8
-23
-8 + -2 + (1 - -6) + -7 + 1
-9
Evaluate -2 + 0 + -7 + 1 - 3.
-11
-19 - (-1 + (-28 - -17))
-7
Evaluate -19 - 0 - (-88 - -82 - (-7 + 2)).
-18
Calculate (-6 - -23) + -8 + -21.
-12
Calculate -1 + 20 + -21 + 3.
1
(-8 - (-6 + -2)) + -7
-7
What is the value of -2 - (-5 - (30 + -22))?
11
Evaluate 0 + 25 + (17 - (9 + 26)).
7
What is the value of -11 - (-47 - -5) - 12?
19
Calculate -941 + 965 + 1 + 0 + -8 + 1.
18
What is the value of (-17 - -9 - (3 - 2)) + -2 + 0?
-11
Evaluate (50 - 50) + 14 + 1.
15
(0 - 2 - (-160 + 165)) + (4 - 0)
-3
Calculate 8 - (27 - 1 - 1 - (-38 - -34)).
-21
Evaluate -14 + -3 + 12 + -4.
-9
What is the value of -7 - (1 - 12 - (10 + (-20 - -9)))?
3
61 + -40 + -21 + -7 + (1 - 2)
-8
What is the value of (42 - 27) + -28 + 1 + 3 + -19?
-28
What is (-16 - -12) + 4 + 3?
3
43 + -39 - ((2 - 1 - 3) + -11)
17
What is the value of 9 + -18 + (-13 - -12)?
-10
What is the value of 5 - -4 - (18 + -1 + (-11 - -6))?
-3
Calculate -2 - (-31 + 22) - (0 + 29).
-22
What is 15 - 18 - (-6 - -12)?
-9
Evaluate (-5 + 7 - -9) + -2.
9
4 + -16 + (-19 - -43)
12
Evaluate (21 - 26) + -3 + 3.
-5
Calculate 0 + -6 + (146 - 142).
-2
What is 104 - 109 - (2 - 9)?
2
1 - (10 + -2 + -4 + -8)
5
-8 - (1 + -26 + 37 + -33)
13
Calculate 32 + -42 + (-2 - (-2 - (-4 - 2))).
-16
What is the value of (109 - -23) + -96 + (-1 - -1 - 3)?
33
Evaluate 17 + -18 - (-24 + 39).
-16
Calculate (1 - (-2 - -2)) + 4 + 0.
5
(-2 - 4) + -9 + 30
15
Calculate 10 + 6 + (-6 - 9).
1
Evaluate 3 + -4 + 6 + 4 + (17 - 15).
11
-8 - -8 - (-2 + 10)
-8
What is the value of 8 + (-7 - 0 - (-14 + (11 - 7)))?
11
Calculate (-27 - -10) + 10 - -17.
10
Calculate -2 + 4 - (-13 + 3 + -3).
15
Calculate -5 - (-32 + 16) - -1.
12
(24 - 71) + 20 + 16
-11
Evaluate -74 + 81 + (0 - 5) + (7 - -8).
17
Calculate -8 + 0 + 7 + (-15 - -7) + 24.
